8 - -5491. What is the tens digit of o?
4
Let r = 1882 - 47. What is the tens digit of r?
3
Let q = 3383 + -1018. What is the units digit of q?
5
Suppose -51127 - 61063 = -26*h. What is the tens digit of h?
1
Suppose -5205 - 3353 = -11*z. What is the units digit of z?
8
Let d(j) = 32*j + 21. What is the units digit of d(28)?
7
What is the tens digit of -7*10/(-14) - -1703?
0
Let x = 182 + 8. Suppose 2*g + 3*b - 210 = -b, b = 2*g - x. What is the tens digit of g?
9
Suppose 0 = -g + 3*y + 2934, 7*g - 3*y + 14670 = 12*g. What is the thousands digit of g?
2
Let m = -25 - -30. Suppose 4*s = 5*z - 439, 2*z = m*z - 4*s - 265. What is the units digit of z?
7
Let s = -6 - -6. Let l be (2 + -45 - 0)/(-1). What is the tens digit of (3 + -2)*(l - s)?
4
Let v(l) = l**3 - 10*l**2 + 6*l + 9. Let g be v(9). What is the units digit of (-748)/g + 4/9?
2
Let b(r) = 46*r**3 - 4*r**2 + 4*r + 19. What is the thousands digit of b(4)?
2
Suppose -4*j - 2*q - q = -76, 3*j + 4*q - 64 = 0. Let d = -15 + j. What is the units digit of d?
1
Let n be -2 + 2 + -3 + -37. Let p = n + 83. What is the tens digit of p?
4
Let h be -2 + 1 + -9 - -1. Let y = 241 - h. Suppose n + 4*n = y. What is the units digit of n?
0
Let o(w) = 13*w**2 + w - 12*w**2 - 2 - w. Suppose -3*b = -6*b + 3*a - 3, -35 = -5*b - 5*a. What is the units digit of o(b)?
7
What is the units digit of (-1539)/(-18)*444/18?
9
Suppose -8 = -0*c - c. Let o = 27 - c. Let r = o - 10. What is the units digit of r?
9
Suppose -j = -8 - 14. Let d = j + -21. What is the tens digit of 30/d - (2 - 0)?
2
Suppose 0 = 99*v - 49245 - 184791. What is the units digit of v?
4
Let a(d) = 8*d**2 - 13*d + 15. Let v be a(11). Let s(j) = -6*j**2 + 2*j + 1. Let o be s(-1). What is the units digit of (4/(-10))/(o/v)?
8
Suppose 2 = 9*q - 34. Suppose 0 = x + q*f - 64, 4*f = x - 41 - 23. What is the units digit of x?
4
Let a(o) = 254*o**2 - 6*o - 1. What is the tens digit of a(-1)?
5
Let r be (-2)/(-7)*1 - 78/(-21). Suppose r*u = -2*u + 594. What is the tens digit of u?
9
Let k = -28 - -29. What is the units digit of -9*k*(-10)/15?
6
Let w(d) = 21*d**3 - 4*d**2 - 2*d + 2. Let p be w(-2). Let b = p - -339. Suppose -14 = -5*s - 5*r + b, -4*r = -5*s + 202. What is the units digit of s?
8
Let j(u) = u**2 + 7. Let o be j(0). Suppose 969 = o*x - 501. What is the hundreds digit of x?
2
Let o = -46 + 69. Let q = 22 + o. What is the units digit of q?
5
Let j(t) be the second derivative of 5*t**3/6 - 13*t**2/2 - 2*t. Let d be 637/49 - 2/2. What is the units digit of j(d)?
7
Let p(z) = z**2 - 3*z + 15. Let s(g) = -3*g**2 + 8*g - 44. Let a(i) = 7*p(i) + 2*s(i). What is the tens digit of a(-9)?
4
Let s(l) = 2*l - 3. Let n = 76 + -52. Suppose f = -3*f + n. What is the units digit of s(f)?
9
Suppose -10 = -4*w + 2*g, -2 = w + 5*g - 10. Suppose 0 = 2*h - q - 517, -2*h + 0*q - w*q + 537 = 0. What is the units digit of h?
1
Let b(v) = -7*v**2 + 33*v - 4. Let f(z) = 6*z**2 - 32*z + 3. Let g(p) = -5*b(p) - 6*f(p). What is the tens digit of g(20)?
4
Let k(g) = g**2 + g + 13. Let f be k(0). Let y(n) = -n**2 + 24*n - 24. What is the units digit of y(f)?
9
Let w = -1045 - -1804. What is the hundreds digit of w?
7
Let t = 20 - 18. Suppose 0*z - 6 = t*z. Let r = z - -8. What is the units digit of r?
5
Let a = -13 + 17. Suppose -2*u - 32 = -4*h - u, a*h + 3*u - 32 = 0. What is the units digit of 42/h - (-1)/(-4)?
5
Let f(k) = k**2 - 3*k - 5. Let x be f(5). Let j = x - 4. What is the units digit of 3 + (j - 3)*-2?
7
Suppose -3*d - 945 = -3*w, 3*d - 299 = -2*w + w. What is the tens digit of w?
1
Let w(c) = 67*c**2 - c - 2. Let q be w(-4). Suppose 0 = -4*t + q - 242. Suppose 5*a + 4*y = t, 2*a - 45 = y + 33. What is the units digit of a?
0
Suppose 49 = 3*l - 287. Let d = -184 - -259. Let w = l - d. What is the units digit of w?
7
Suppose -6*i + 7*i = 4. Suppose -2*d = -2*u + i*u - 440, -5*d - 15 = 0. What is the tens digit of u?
2
Suppose o - 2*o = 54. Let b be 10*(4 - o/(-15)). Suppose b*c + 5*n = 112 + 58, 3*c = 2*n + 139. What is the tens digit of c?
4
Let o(b) = -b + 4. Let c be o(2). Suppose -4*j = -y - 445, -2*j + 4*y - 39 = -251. Suppose -c*w + j = 2*w. What is the units digit of w?
8
Suppose 3*b + 5*k = 2089, 4*b = 3*k - 539 + 3334. What is the units digit of b?
8
Suppose h + 123 = 597. Suppose -3*a - 5*y + h = 0, a - 3*y - 498 = -2*a. What is the hundreds digit of a?
1
What is the tens digit of (-361970)/(-182) + 4/26?
8
Let x = 43 + -4. Let y = x + -13. Let u = 12 + y. What is the tens digit of u?
3
Let n = -36 + 39. Suppose 0*z + 42 = 5*d + 2*z, 0 = n*z - 3. What is the units digit of d/(-14) + (-1780)/(-28)?
3
Let q = -9 - -11. Suppose -3*m = q*m - 235. What is the tens digit of m?
4
Let q(y) = -17*y + 11. Let s = 122 + -137. What is the hundreds digit of q(s)?
2
Suppose 0 + 1 = n, s = 4*n + 714. What is the hundreds digit of s?
7
What is the units digit of ((-592)/(-12) + 0)*24?
4
Suppose -3*n + 5*n = -3*b - 2, -2*b + 4 = 0. What is the tens digit of 9/(-36)*(1 - -156)*n?
5
Let s = 58 + 3158. What is the thousands digit of s?
3
Let w = 3 + 7. Suppose -8*i = -w*i + 160. What is the units digit of (-30)/i - 22/(-16)?
1
Let i(o) = -80 + 0*o - 2*o + 74 + 14*o**2 + o**3 - 3*o. What is the tens digit of i(-14)?
6
Let b = 99 + -15. Suppose d = 2*v + b, 0*d = 5*v - 3*d + 208. What is the tens digit of v*(1 - 15/12)?
1
Let o(m) be the second derivative of m**5/20 + m**4/4 - 8*m**3/3 + 21*m**2/2 - 39*m. What is the tens digit of o(6)?
4
Suppose -5*v + 2*q = 743, -5*v + 2*q + 2*q = 751. What is the units digit of (-42)/v + 3258/14?
3
Suppose 5*g - 2*k - 14 - 28 = 0, 3*k = -2*g + 13. Suppose -y - 48 = -m, g*y - 3*y + 5 = 0. What is the units digit of m?
7
Let u(c) = c**3 + 10*c**2 - 9*c + 39. What is the hundreds digit of u(8)?
1
Suppose 0 = b - 3*g - 67, 3*g + 34 = -b + 89. Suppose 30 + b = d. Suppose 6 - d = -5*h. What is the tens digit of h?
1
Suppose -b + 5*t = -26, 0*b = 4*b + 5*t - 29. Suppose 13*r - 14*r = -b. What is the units digit of r?
1
Suppose -4*v - 104 = 3*i + 103, -v + 5*i - 69 = 0. Let d = 177 + v. What is the hundreds digit of d?
1
What is the units digit of (-3)/2*(-3404)/(-69)*-1?
4
Suppose 2*r = -0*r + 4. What is the tens digit of r/(-3)*(1 + (-452)/8)?
3
Let w(j) = -j**3 - 4*j**2 + 4*j + 9. Let p be w(-5). Suppose 5*x - 19 = -p. What is the units digit of x?
1
What is the hundreds digit of (1319 - 1) + 9/18*2?
3
Suppose -q + 5*q = 8. Let s(n) = n**3 + 2*n + 33. Let g be s(0). Suppose 54 - 9 = 2*j - 3*p, 0 = q*j + p - g. What is the tens digit of j?
1
Let g be 12*(3 - 33/12). Suppose 0 = 5*l + 3*y - 60, -5*l + 11 = -g*y - 19. Suppose 30 = l*f - 4*f. What is the units digit of f?
6
Suppose -3*h - 6 = 0, h = -8*s + 3*s + 18. Let u(g) = 6*g**2 + 23 - g**2 + 16*g - s*g**2. What is the units digit of u(-17)?
0
Suppose 18*d - 1996 = -142. What is the hundreds digit of d?
1
What is the units digit of (2 + -10)*(-371)/14?
2
Suppose -3*z + 8*c = 5*c - 1455, 5*z + c = 2431. What is the tens digit of z?
8
Let m(t) = t**3 - 9*t**2 + 14*t - 9. Let j be m(8). Let g = 40 - j. What is the tens digit of 5*(g + 0 + 4)?
2
Let f be 1/(-5)*-21 - (-4)/(-20). Suppose 270 = f*d - 274. What is the hundreds digit of d?
1
Let u be ((-202)/10 + (-2)/(-10))*2. Let g = u + 76. What is the units digit of g?
6
Let o be -4*(-81)/36 + -8. Let d(c) = 27*c + 2. Let b(j) = -53*j - 4. Let r(m) = 4*b(m) + 9*d(m). What is the units digit of r(o)?
3
Suppose -5*m = 0, 0 = -10*w + 5*w - m + 15. Let c(q) = -w - 15*q + 21*q + q**2 + 3. What is the units digit of c(-11)?
5
Let c = 18 + 4. Let k = c - 47. Let v = k + 51. What is the tens digit of v?
2
Let g = 145 + -99. What is the tens digit of g?
4
Suppose -1 = -5*c + 2*q, c + 0*c - 3*q + 5 = 0. Let f be 70/(-21)*(-6)/c. Suppose -7*i = -2*i - f, 84 = 4*j + 2*i. What is the units digit of j?
9
Let f = 55 - -8. What is the tens digit of 4/(-42) + 2841/f?
4
What is the tens digit of (2269/(-3))/((4 + -17)/39)?
6
Let k = -1647 + 4705. What is the units digit of k?
8
Suppose -3*n - 2*m + 38 = 4, 4*m - 8 = 0. Let x = 10 - n. Let w(r) = r**2 + r + 6. What is the units digit of w(x)?
6
Suppose -5*x + 5*o = 4*o + 62, -4*o - 4 = x. Let y = x + 14. Suppose -j + 5 = 5*l, 0 = 3*j + y*l - 50 - 4. What is the tens digit of j?
2
Let b = 149 + -166. Let n = 